divide 648?
True
Does 249 divide 14001?
False
Does 11 divide 773?
False
Does 28 divide 8029?
False
Is 38353 a multiple of 7?
True
Does 8 divide 228?
False
Does 12 divide 1872?
True
Does 30 divide 1260?
True
Does 3 divide 22337?
False
Is 5 a factor of 256?
False
Is 10 a factor of 420?
True
Is 21 a factor of 41559?
True
Does 182 divide 7722?
False
Does 18 divide 9110?
False
Is 4826 a multiple of 38?
True
Is 13 a factor of 598?
True
Does 9 divide 11259?
True
Is 32 a factor of 8352?
True
Is 5733 a multiple of 39?
True
Does 178 divide 64821?
False
Is 14 a factor of 8058?
False
Is 5152 a multiple of 34?
False
Is 120 a factor of 13475?
False
Is 5793 a multiple of 38?
False
Is 20 a factor of 16161?
False
Is 3454 a multiple of 25?
False
Is 40812 a multiple of 27?
False
Is 101 a factor of 99585?
False
Is 6608 a multiple of 14?
True
Is 38 a factor of 1368?
True
Is 3888 a multiple of 108?
True
Does 175 divide 36284?
False
Does 18 divide 3996?
True
Is 11 a factor of 5947?
False
Does 195 divide 122070?
True
Is 1471 a multiple of 52?
False
Is 2514 a multiple of 6?
True
Is 2658 a multiple of 6?
True
Does 7 divide 6911?
False
Is 8 a factor of 2663?
False
Is 8 a factor of 1424?
True
Does 8 divide 1416?
True
Is 11 a factor of 8886?
False
Does 21 divide 72891?
True
Is 1487 a multiple of 3?
False
Is 31 a factor of 682?
True
Does 14 divide 784?
True
Is 18 a factor of 4924?
False
Is 13 a factor of 3124?
False
Is 543 a multiple of 16?
False
Is 83 a factor of 334?
False
Does 6 divide 1544?
False
Is 16 a factor of 3712?
True
Is 30 a factor of 1350?
True
Does 74 divide 518?
True
Is 25694 a multiple of 29?
True
Is 112 a factor of 1792?
True
Is 3785 a multiple of 13?
False
Does 26 divide 62758?
False
Is 35 a factor of 1898?
False
Does 35 divide 19425?
True
Is 55 a factor of 80465?
True
Is 29544 a multiple of 24?
True
Is 71 a factor of 834?
False
Is 10 a factor of 220?
True
Is 43 a factor of 516?
True
Is 20 a factor of 88560?
True
Does 47 divide 6768?
True
Is 329 a multiple of 20?
False
Is 906 a multiple of 10?
False
Does 41 divide 123?
True
Is 1563 a multiple of 20?
False
Does 36 divide 4572?
True
Is 4680 a multiple of 12?
True
Is 50 a factor of 3350?
True
Does 14 divide 11564?
True
Does 43 divide 5031?
True
Is 7318 a multiple of 111?
False
Is 46570 a multiple of 7?
False
Is 476 a multiple of 28?
True
Is 60 a factor of 749?
False
Is 3843 a multiple of 9?
True
Is 4050 a multiple of 15?
True
Is 79934 a multiple of 17?
True
Is 41 a factor of 1394?
True
Is 13 a factor of 8473?
False
Does 24 divide 9048?
True
Does 89 divide 2491?
False
Does 59 divide 21358?
True
Is 240 a multiple of 16?
True
Is 3 a factor of 84?
True
Is 33 a factor of 12870?
True
Does 109 divide 14457?
False
Does 7 divide 63?
True
Is 12 a factor of 2016?
True
Is 38917 a multiple of 20?
False
Is 58942 a multiple of 44?
False
Does 18 divide 5993?
False
Is 828 a multiple of 18?
True
Does 51 divide 13719?
True
Does 18 divide 1008?
True
Does 33 divide 10241?
False
Is 21364 a multiple of 196?
True
Is 3659 a multiple of 8?
False
Does 6 divide 82?
False
Is 5 a factor of 805?
True
Does 36 divide 21708?
True
Is 107 a factor of 1227?
False
Does 56 divide 6104?
True
Is 5 a factor of 15811?
False
Is 1476 a multiple of 81?
False
Is 1042 a multiple of 3?
False
Is 204 a factor of 15300?
True
Is 259 a multiple of 14?
False
Is 4287 a multiple of 9?
False
Does 25 divide 1384?
False
Does 33 divide 1023?
True
Is 1254 a multiple of 38?
True
Is 21 a factor of 4893?
True
Is 15 a factor of 1940?
False
Is 8 a factor of 2278?
False
Is 947 a multiple of 7?
False
Does 96 divide 6336?
True
Is 8 a factor of 4293?
False
Is 5012 a multiple of 10?
False
Is 34425 a multiple of 17?
True
Does 38 divide 1026?
True
Is 8936 a multiple of 222?
False
Does 7 divide 3570?
True
Does 5 divide 426?
False
Is 641 a multiple of 44?
False
Is 19 a factor of 1976?
True
Does 8 divide 3088?
True
Is 99 a factor of 4727?
False
Does 15 divide 3360?
True
Is 95 a factor of 66114?
False
Is 29 a factor of 42688?
True
Is 21 a factor of 72?
False
Is 588 a multiple of 17?
False
Is 879 a multiple of 3?
True
Is 2325 a multiple of 12?
False
Is 6588 a multiple of 33?
False
Is 512 a multiple of 8?
True
Is 10285 a multiple of 11?
True
Is 96 a factor of 65521?
False
Is 26 a factor of 475?
False
Is 225 a factor of 51917?
False
Does 11 divide 2783?
True
Is 1853 a multiple of 34?
False
Is 11391 a multiple of 76?
False
Is 2285 a multiple of 13?
False
Does 2 divide 670?
True
Is 26 a factor of 16202?
False
Does 17 divide 10234?
True
Is 584 a multiple of 8?
True
Does 2 divide 1855?
False
Does 307 divide 60045?
False
Does 7 divide 664?
False
Is 2296 a multiple of 28?
True
Is 2912 a multiple of 8?
True
Does 66 divide 2864?
False
Does 9 divide 3519?
True
Is 66 a factor of 11617?
False
Is 25 a factor of 675?
True
Is 1116 a multiple of 36?
True
Is 134 a factor of 69144?
True
Does 7 divide 73038?
True
Does 144 divide 86064?
False
Does 198 divide 5846?
False
Is 8846 a multiple of 14?
False
Is 14184 a multiple of 24?
True
Is 21 a factor of 21?
True
Does 45 divide 8316?
False
Does 11 divide 66?
True
Is 73 a factor of 2177?
False
Is 450 a multiple of 25?
True
Does 16 divide 8224?
True
Is 1150 a multiple of 89?
False
Does 8 divide 377?
False
Does 51 divide 1428?
True
Does 14 divide 776?
False
Is 75839 a multiple of 16?
False
Is 2183 a multiple of 37?
True
Is 182 a multiple of 13?
True
Does 287 divide 71463?
True
Does 4 divide 1783?
False
Does 49 divide 840?
False
Is 4998 a multiple of 102?
True
Is 16993 a multiple of 77?
False
Does 26 divide 23608?
True
Does 11 divide 220?
True
Is 13310 a multiple of 55?
True
Is 836 a multiple of 19?
True
Is 17859 a multiple of 128?
False
Does 110 divide 2281?
False
Does 20 divide 402?
False
Is 3599 a multiple of 86?
False
Is 2485 a multiple of 71?
True
Does 129 divide 15707?
False
Does 5 divide 105?
True
Is 30 a factor of 1158?
False
Is 4 a factor of 25504?
True
Is 5 a factor of 115?
True
Is 107 a factor of 3620?
False
Is 132 a multiple of 22?
True
Is 46 a multiple of 15?
False
Does 5 divide 55?
True
Does 3 divide 23802?
True
Does 16 divide 30540?
False
Is 11 a factor of 4279?
True
Is 17 a factor of 817?
False
Is 44 a factor of 1320?
True
Is 163 a multiple of 3?
False
Is 34 a factor of 286?
False
Is 143 a multiple of 13?
True
Does 22 divide 88?
True
Is 10 a factor of 61?
False
Is 242 a multiple of 11?
True
Is 2 a factor of 224?
True
Is 45 a factor of 138?
False
Does 27 divide 685?
False
Is 167 a multiple of 13?
False
Is 70 a factor of 10004?
False
Is 155 a multiple of 31?
True
Is 225 a multiple of 75?
True
Does 19 divide 1409?
False
Is 19391 a multiple of 33?
False
Is 32 a factor of 16000?
True
Is 526 a multiple of 49?
False
Is 1495 a multiple of 23?
True
Is 35 a factor of 2835?
True
Is 44 a factor of 6911?
False
Does 6 divide 3036?
True
Is 4 a factor of 64?
True
Is 63 a factor of 23310?
True
Does 7 divide 470?
False
Is 12 a factor of 1332?
True
Is 129 a factor of 37281?
True
Is 45630 a multiple of 65?
True
Is 19 a factor of 440?
False
Does 64 divide 243?
False
Does 7 divide 1922?
False
Is 20 a factor of 30962?
False
Does 10 divide 1082?
False
Is 59655 a multiple of 15?
True
Does 86 divide 172?
True
Is 2444 a multiple of 26?
True
Is 2456 a multiple of 2?
True
Does 15 divide 45?
True
Is 80 a factor of 1298?
False
Is 64 a factor of 576?
True
Is 2317 a multiple of 184?
False
Does 56 divide 3080?
True
Is 760 a multiple of 18?
False
Is 157 a factor of 174?
False
Does 77 divide 6931?
False
Is 6426 a multiple of 42?
True
Does 42 divide 957?
False
Does 47 divide 12173?
True
Is 7636 a multiple of 13?
False
Does 70 divide 44170?
True
Is 17024 a multiple of 16?
True
Is 1455 a multiple of 66?
False
Does 5 divide 20?
True
Does 100 divide 18200?
True
Does 5 divide 2563?
False
Is 168 a factor of 32478?
False
Is 284 a multiple of 3?
False
Does 42 divide 4281?
False
Is 1755 a multiple of 13?
True
Is 172 a multiple of 6?
False
Is 10070 a multiple of 44?
False
Is 7510 a multiple of 10?
True
Is 10 a factor of 70?
True
Does 5 divide 787?
False
Does 6 divide 84?
True
Does 42 divide 1050?
True
Is 90 a factor of 9360?
True
Is 18 a factor of 12114?
True
Is 1559 a multiple of 194?
False
Is 1767 a multiple of 6?
False
Is 46511 a multiple of 178?
False
Is 7970 a multiple of 14?
False
Is